n base 3, what is 12 - 10000010211021222?
-10000010211021210
In base 15, what is 3e + 93d2?
9421
In base 2, what is -11010100001011000111110001100 + 101?
-11010100001011000111110000111
In base 6, what is 1 + -13522014322?
-13522014321
In base 11, what is 36276742a - 5?
362767425
In base 3, what is 0 - 201121100222021?
-201121100222021
In base 9, what is -8350 + -507?
-8857
In base 8, what is -150 + 450540?
450370
In base 11, what is 805 - -447?
1151
In base 14, what is -d - -5a539b7?
5a539a8
In base 15, what is -24b42 - 5?
-24b47
In base 16, what is -4f157 + -14?
-4f16b
In base 7, what is 631560135 + -2?
631560133
In base 11, what is 17 + -5577a9?
-557792
In base 8, what is -1 + -1651255?
-1651256
In base 2, what is 1001110101000101 - 110?
1001110100111111
In base 14, what is -a0215 + 1cd?
-a0026
In base 3, what is 121221202022 + 201?
121221210000
In base 13, what is 333a79c - 6?
333a796
In base 16, what is -1cdf8 - -2d?
-1cdcb
In base 7, what is 55336 - 6013?
46323
In base 5, what is 102243342 - 43?
102243244
In base 2, what is -101101111101110000011010100 - 100?
-101101111101110000011011000
In base 16, what is b6b3bb7 + 2?
b6b3bb9
In base 16, what is 70 - -31fe?
326e
In base 4, what is -2 - 13030300313?
-13030300321
In base 3, what is -10111110210220201 - -10?
-10111110210220121
In base 4, what is -110111202 + 1233?
-110103303
In base 8, what is 121 - 13615646?
-13615525
In base 13, what is 312b79 + 156?
313002
In base 7, what is -1 + 5010332202?
5010332201
In base 11, what is -203 + a4061?
a3959
In base 4, what is -10301 + 13003112?
12332211
In base 9, what is -20033 - -1844?
-17078
In base 7, what is -24625413 + -612?
-24626325
In base 11, what is 4192 - a66?
3227
In base 13, what is 13 + -cb685?
-cb672
In base 12, what is -a + -234a35?
-234a43
In base 8, what is 5 + 12620645?
12620652
In base 11, what is -1a44 - 75?
-2009
In base 7, what is 0 + 1454266264?
1454266264
In base 5, what is -214310 - 34214?
-304024
In base 14, what is -687 - -8d9b?
8714
In base 7, what is 4566231 + -1661?
4564240
In base 12, what is -4 - a0b4ab1?
-a0b4ab5
In base 12, what is 7 + 6b0224?
6b022b
In base 13, what is 5bb39c4 - 1?
5bb39c3
In base 6, what is -14 - -52120114?
52120100
In base 5, what is 12244 + 42300?
110044
In base 12, what is 243a3a + -48?
2439b2
In base 12, what is -2416971 - -2?
-241696b
In base 5, what is 1 - -320223344?
320223400
In base 8, what is -10341 + -214335?
-224676
In base 4, what is 2131221302 + 11110?
2131233012
In base 4, what is -3 - -1230003231322?
1230003231313
In base 10, what is -6 + -8068243?
-8068249
In base 16, what is 1137246 - -8?
113724e
In base 4, what is 110233 + 331233?
1102132
In base 9, what is -4024 - -25046?
21022
In base 5, what is -3144401441100 + -10?
-3144401441110
In base 12, what is 22 - -15211a?
152140
In base 5, what is -4224410331 - 0?
-4224410331
In base 6, what is 1223 + -40132421?
-40131154
In base 15, what is 1 - 53908?
-53907
In base 8, what is -10527 - 111737?
-122466
In base 6, what is 3 - 25223130?
-25223123
In base 13, what is -8 - -584508?
584500
In base 15, what is -7 - 155598?
-1555a0
In base 8, what is -72510 + 164?
-72324
In base 5, what is 2 - -341411032?
341411034
In base 7, what is 112515532 + 2?
112515534
In base 12, what is 2753 + -945?
1a0a
In base 14, what is -471 + -245d?
-28d0
In base 7, what is 64361235 + 21?
64361256
In base 5, what is 43023100 - -4130?
43032230
In base 15, what is a4ac6d + 2?
a4ac70
In base 14, what is -4a04 + -583?
-5187
In base 15, what is 21118d6e - 4?
21118d6a
In base 16, what is f080b6a - 5?
f080b65
In base 11, what is 11 + 9175640?
9175651
In base 4, what is -1222 + -12320011112?
-12320013000
In base 16, what is -3 - 158dd3f?
-158dd42
In base 3, what is -102221221 + -12122220?
-122121211
In base 15, what is -228a - 2664?
-48ee
In base 14, what is -12 + -1025db?
-10260d
In base 11, what is 3aa - -21a265?
21a664
In base 9, what is 4 - -61635787?
61635802
In base 14, what is -1b76508 - 4?
-1b7650c
In base 5, what is -30432232 - -11224?
-30421003
In base 12, what is -5 - -44920891?
44920888
In base 6, what is -11350 + -520423?
-532213
In base 12, what is -5965a12 - -41?
-5965991
In base 16, what is -2b0d44 - 83?
-2b0dc7
In base 2, what is -10010010100111001 - 10111001?
-10010010111110010
In base 8, what is -25644532 - 20?
-25644552
In base 9, what is -38 + 2505453?
2505414
In base 2, what is 100101001 - 1001100010001100110?
-1001100001100111101
In base 5, what is 123444 - -12133430?
12312424
In base 14, what is -14c3d1 - -14?
-14c3bb
In base 9, what is -14 + 86312152?
86312137
In base 9, what is 5227328 - -208?
5227537
In base 7, what is 2461422 - 24?
2461365
In base 6, what is 430442451 + -152?
430442255
In base 13, what is -82a761 - -5?
-82a759
In base 15, what is -2 - -a168c4?
a168c2
In base 8, what is -1 - -2610552?
2610551
In base 5, what is 44 + -1313141243?
-1313141144
In base 13, what is 92 + -31ca0?
-31c0b
In base 2, what is -101111111010000000 - 1000010?
-101111111011000010
In base 3, what is 11021212111010 + 0?
11021212111010
In base 4, what is 2302 - -31023202303?
31023211211
In base 15, what is 70b - -56118?
56824
In base 11, what is -187639 - -1172?
-186477
In base 10, what is -117 + -527789?
-527906
In base 9, what is 0 - 20812735?
-20812735
In base 3, what is 211221111 - -11011120?
1000010001
In base 10, what is 4 - -7585921?
7585925
In base 4, what is 1201130121132 + 11?
1201130121203
In base 8, what is -446416 + -5?
-446423
In base 8, what is -405343066 + 0?
-405343066
In base 6, what is 14 + 1524030403?
1524030421
In base 13, what is 20358 + 17?
20372
In base 4, what is 11 - 230313311122?
-230313311111
In base 11, what is 1293 + 5403?
6696
In base 15, what is -d08d - 628?
-d6b6
In base 2, what is -1010001101010111110100101 + -100?
-1010001101010111110101001
In base 10, what is 4 - -200113598?
200113602
In base 11, what is 998 - -15281?
16169
In base 9, what is -41 + 2402103?
2402052
In base 15, what is d41 + 3b9?
120a
In base 12, what is -31b7 + 1183?
-2034
In base 14, what is 35c0 + -b56?
2868
In base 16, what is ada - -361e?
40f8
In base 12, what is 2 - -294453?
294455
In base 7, what is -2022626 - 22?
-2022651
In base 5, what is -4 + 14213134143?
14213134134
In base 9, what is 166414428 - -3?
166414432
In base 14, what is 2129ca - -a?
2129d6
In base 9, what is 627123 - 0?
627123
In base 15, what is 5 - 13ed3a5?
-13ed3a0
In base 6, what is -4133552 - 1045?
-4135041
In base 8, what is 0 - -2173316?
2173316
In base 13, what is 1 + 1276c37?
1276c38
In base 8, what is 3250062 - -15?
3250077
In base 2, what is -11100101011011000 + 1000?
-11100101011010000
In base 5, what is -40 + -1010231432?
-1010232022
In base 12, what is -222405 - -109?
-2222b8
In base 15, what is 91d3 - -366?
9549
In base 2, what is 11 + 101001111101010100101?
101001111101010101000
In base 3, what is -1 + 1220001022221?
1220001022220
In base 8, what is -34554126 + -166?
-34554314
In base 16, what is -ad2bc5d + 3?
-ad2bc5a
In base 16, what is -1 + -624603?
-624604
In base 16, what is cd75 + -30a?
ca6b
In base 6, what is -332204414 + 115?
-332204255
In base 6, what is -412 - -1023511?
1023055
In base 2, what is 10000110111011000011 + -101?
10000110111010111110
In base 9, what is 216 - 63634?
-63417
In base 16, what is 2c6 - -20400?
206c6
In base 9, what is 16652445 + -1?
16652444
In base 12, what is -4 + a13b4?
a13b0
In base 2, what is 10110010110101000100001101 - 10?
10110010110101000100001011
In base 9, what is 10531 + -28634?
-18103
In base 11, what is 3195 - 8091?
-49a7
In base 3, what is -102111201000121 + 0?
-102111201000121
In base 9, what is 15 - 6326027?
-6326012
In base 8, what is 1642 + -35556?
-33714
In base 10, what is -94 + -892265?
-892359
In base 16, what is -10 - -78cfe5?
78cfd5
In base 6, what is -12234 + -142551?
-155225
In base 11, what is 1855225 + -84?
1855151
In base 13, what is 37b6 - -17b29?
1b612
In base 8, what is -65156 - 14543?
-101721
In base 13, what is 342 - -aa69?
b0ab
In base 2, what is 11001101101101110001101 + -110?
11001101101101110000111
In base 6, what is 204344543 + 51?
204345034
In base 5, what is -111 + -21203?
-21314
In base 9, what is 4 + 2118865?
2118870
In base 15, what is -27 + 10cdac?
10cd85
In base 2, what is 1001 - -1111001